{"id":88,"date":"2025-10-17T23:19:24","date_gmt":"2025-10-17T23:19:24","guid":{"rendered":"https:\/\/pypaprint.com\/?post_type=product&#038;p=88"},"modified":"2025-11-15T09:55:05","modified_gmt":"2025-11-15T09:55:05","slug":"carta-cuadriptico-woodstock","status":"publish","type":"product","link":"https:\/\/pypaprint.com\/carta-cuadriptico-woodstock\/","title":{"rendered":"Carta Cuadr\u00edptico Woodstock"},"content":{"rendered":"<p style=\"font-weight: 400;\"><b><strong>Descripci\u00f3n del Producto:<\/strong><\/b><\/p>\n<p style=\"font-weight: 400;\">Presenta tus productos de una forma elegante y atractiva con nuestra <b><strong>Carta Cuadr\u00edptico<\/strong><\/b> Impresa en Papel de 260\u202fg. Apta para diferentes tipos de negocios, desde grandes cadenas de restaurantes hasta peque\u00f1os bares y cafeter\u00edas, esta carta es perfecta si buscas dar una imagen sofisticada que quede en la memoria de tus clientes. Entra aqu\u00ed y descubre con nosotros todas tus opciones.<\/p>\n<p style=\"font-weight: 400;\"><b><strong>Caracter\u00edsticas Principales:<\/strong><\/b><\/p>\n<ul style=\"font-weight: 400;\">\n<li><b><strong>Papel de 260 g:<\/strong><\/b> Nuestra Carta Cuadr\u00edptico est\u00e1 impresa en papel de 260 gramos, lo que la hace m\u00e1s gruesa y resistente que la mayor\u00eda. Esta caracter\u00edstica no solo le brinda un aspecto elegante, sino que tambi\u00e9n garantiza su durabilidad, perfecta para el uso constante en tu negocio.<\/li>\n<li><b><strong>Impresi\u00f3n de Alta Calidad:<\/strong><\/b> Cada p\u00e1gina de tu carta reflejar\u00e1 la calidad de tu negocio. Nuestra impresi\u00f3n de alta calidad asegura que tus platos y bebidas se presenten de manera n\u00edtida y atractiva, atrayendo la atenci\u00f3n de tus comensales.<\/li>\n<li><b><strong>Pliegue Ordenado:<\/strong><\/b> La carta cuadr\u00edpticos se pliega de manera ordenada y f\u00e1cil de manejar, lo que facilita su uso en mesas y presentaciones.<\/li>\n<li><b><strong>Personalizaci\u00f3n Total:<\/strong><\/b> Te ofrecemos la opci\u00f3n de personalizar completamente esta carta con tu logotipo, dise\u00f1o especial o mensaje \u00fanico. Destaca y crea una experiencia memorable para tus clientes.<\/li>\n<\/ul>\n<p style=\"font-weight: 400;\"><b><strong>Especificaciones t\u00e9cnicas:<\/strong><\/b><\/p>\n<p style=\"font-weight: 400;\">Papel de impresi\u00f3n 260 g<\/p>\n<p style=\"font-weight: 400;\">Acabado: Laminado mate o brillo<\/p>\n<p style=\"font-weight: 400;\">Cantidad: Desde 50 unidades<\/p>\n<p style=\"font-weight: 400;\">Formato: Plegado cuadr\u00edptico.<\/p>\n<p style=\"font-weight: 400;\">Medidas: 29,7 x 63 cm<\/p>\n<p style=\"font-weight: 400;\">\n","protected":false},"excerpt":{"rendered":"<p>Descripci\u00f3n del Producto: Presenta tus productos de una forma elegante y atractiva con nuestra Carta Cuadr\u00edptico Impresa en Papel de 260\u202fg. Apta para diferentes tipos de negocios, desde grandes cadenas de restaurantes hasta peque\u00f1os bares y cafeter\u00edas, esta carta es perfecta si buscas dar una imagen sofisticada que quede en la memoria de tus clientes. &#8230; <a title=\"Carta Cuadr\u00edptico Woodstock\" class=\"read-more\" href=\"https:\/\/pypaprint.com\/carta-cuadriptico-woodstock\/\" aria-label=\"Leer m\u00e1s sobre Carta Cuadr\u00edptico Woodstock\">Leer m\u00e1s<\/a><\/p>\n","protected":false},"featured_media":369,"comment_status":"open","ping_status":"closed","template":"","meta":{"_acf_changed":false,"_joinchat":[]},"product_brand":[],"product_cat":[17,302,27],"product_tag":[],"class_list":{"0":"post-88","1":"product","2":"type-product","3":"status-publish","4":"has-post-thumbnail","6":"product_cat-hosteleria","7":"product_cat-carta-eco-papel-woodstock","8":"product_cat-cartas-y-menus","10":"first","11":"instock","12":"taxable","13":"shipping-taxable","14":"purchasable","15":"product-type-variable"},"acf":[],"_links":{"self":[{"href":"https:\/\/pypaprint.com\/wp-json\/wp\/v2\/product\/88","targetHints":{"allow":["GET"]}}],"collection":[{"href":"https:\/\/pypaprint.com\/wp-json\/wp\/v2\/product"}],"about":[{"href":"https:\/\/pypaprint.com\/wp-json\/wp\/v2\/types\/product"}],"replies":[{"embeddable":true,"href":"https:\/\/pypaprint.com\/wp-json\/wp\/v2\/comments?post=88"}],"wp:featuredmedia":[{"embeddable":true,"href":"https:\/\/pypaprint.com\/wp-json\/wp\/v2\/media\/369"}],"wp:attachment":[{"href":"https:\/\/pypaprint.com\/wp-json\/wp\/v2\/media?parent=88"}],"wp:term":[{"taxonomy":"product_brand","embeddable":true,"href":"https:\/\/pypaprint.com\/wp-json\/wp\/v2\/product_brand?post=88"},{"taxonomy":"product_cat","embeddable":true,"href":"https:\/\/pypaprint.com\/wp-json\/wp\/v2\/product_cat?post=88"},{"taxonomy":"product_tag","embeddable":true,"href":"https:\/\/pypaprint.com\/wp-json\/wp\/v2\/product_tag?post=88"}],"curies":[{"name":"wp","href":"https:\/\/api.w.org\/{rel}","templated":true}]}}