{"id":73,"date":"2025-10-17T23:12:20","date_gmt":"2025-10-17T23:12:20","guid":{"rendered":"https:\/\/pypaprint.com\/?post_type=product&#038;p=73"},"modified":"2025-10-29T00:12:59","modified_gmt":"2025-10-29T00:12:59","slug":"caballete-involcables","status":"publish","type":"product","link":"https:\/\/pypaprint.com\/?product=caballete-involcables","title":{"rendered":"Caballete Involcables"},"content":{"rendered":"<p>Con nuestro panel publicitario para exteriores de doble cara podr\u00e1s mostrar tus promocione con mayor soporte al aire libre. Irrompible con base fabricada en pl\u00e1stico, capaz de resistir condiciones clim\u00e1ticas adversas, es la opci\u00f3n perfecta para exhibir tu publicidad. Su base de pl\u00e1stico rellenable con agua o arena proporciona una gran estabilidad. Equipado con ruedas integradas para facilitar su transporte. El marco es abatible, permitiendo un cambio r\u00e1pido de p\u00f3sters y carteles. Cuenta con muelles de acero reforzado de alta calidad y un panel central resistente a impactos. Las esquinas redondeadas moldeadas por inyecci\u00f3n carecen de bordes afilados para evitar posibles lesiones. Incluye una funda protectora para p\u00f3ster en las versiones designadas como &#8220;Resistentes a la intemperie&#8221;.<\/p>\n<p>&nbsp;<\/p>\n<p><img fetchpriority=\"high\" decoding=\"async\" class=\"alignnone wp-image-74 size-full\" src=\"http:\/\/pypaprint.com\/wp-content\/uploads\/2025\/10\/caballeteinvolcable.jpg\" alt=\"\" width=\"1158\" height=\"704\" srcset=\"https:\/\/pypaprint.com\/wp-content\/uploads\/2025\/10\/caballeteinvolcable.jpg 1158w, https:\/\/pypaprint.com\/wp-content\/uploads\/2025\/10\/caballeteinvolcable-600x365.jpg 600w, https:\/\/pypaprint.com\/wp-content\/uploads\/2025\/10\/caballeteinvolcable-300x182.jpg 300w, https:\/\/pypaprint.com\/wp-content\/uploads\/2025\/10\/caballeteinvolcable-1024x623.jpg 1024w, https:\/\/pypaprint.com\/wp-content\/uploads\/2025\/10\/caballeteinvolcable-768x467.jpg 768w\" sizes=\"(max-width: 1158px) 100vw, 1158px\" \/><\/p>\n","protected":false},"excerpt":{"rendered":"<p>Con nuestro panel publicitario para exteriores de doble cara podr\u00e1s mostrar tus promocione con mayor soporte al aire libre. Irrompible con base fabricada en pl\u00e1stico, capaz de resistir condiciones clim\u00e1ticas adversas, es la opci\u00f3n perfecta para exhibir tu publicidad. Su base de pl\u00e1stico rellenable con agua o arena proporciona una gran estabilidad. Equipado con ruedas &#8230; <a title=\"Caballete Involcables\" class=\"read-more\" href=\"https:\/\/pypaprint.com\/?product=caballete-involcables\" aria-label=\"Leer m\u00e1s sobre Caballete Involcables\">Leer m\u00e1s<\/a><\/p>\n","protected":false},"featured_media":294,"comment_status":"open","ping_status":"closed","template":"","meta":{"_acf_changed":false,"_joinchat":[]},"product_brand":[],"product_cat":[263,17,25],"product_tag":[],"class_list":{"0":"post-73","1":"product","2":"type-product","3":"status-publish","4":"has-post-thumbnail","6":"product_cat-caballetes","7":"product_cat-hosteleria","8":"product_cat-material-publicitario-para-hosteleria","10":"first","11":"instock","12":"taxable","13":"shipping-taxable","14":"purchasable","15":"product-type-variable"},"acf":[],"_links":{"self":[{"href":"https:\/\/pypaprint.com\/index.php?rest_route=\/wp\/v2\/product\/73","targetHints":{"allow":["GET"]}}],"collection":[{"href":"https:\/\/pypaprint.com\/index.php?rest_route=\/wp\/v2\/product"}],"about":[{"href":"https:\/\/pypaprint.com\/index.php?rest_route=\/wp\/v2\/types\/product"}],"replies":[{"embeddable":true,"href":"https:\/\/pypaprint.com\/index.php?rest_route=%2Fwp%2Fv2%2Fcomments&post=73"}],"wp:featuredmedia":[{"embeddable":true,"href":"https:\/\/pypaprint.com\/index.php?rest_route=\/wp\/v2\/media\/294"}],"wp:attachment":[{"href":"https:\/\/pypaprint.com\/index.php?rest_route=%2Fwp%2Fv2%2Fmedia&parent=73"}],"wp:term":[{"taxonomy":"product_brand","embeddable":true,"href":"https:\/\/pypaprint.com\/index.php?rest_route=%2Fwp%2Fv2%2Fproduct_brand&post=73"},{"taxonomy":"product_cat","embeddable":true,"href":"https:\/\/pypaprint.com\/index.php?rest_route=%2Fwp%2Fv2%2Fproduct_cat&post=73"},{"taxonomy":"product_tag","embeddable":true,"href":"https:\/\/pypaprint.com\/index.php?rest_route=%2Fwp%2Fv2%2Fproduct_tag&post=73"}],"curies":[{"name":"wp","href":"https:\/\/api.w.org\/{rel}","templated":true}]}}