{"id":138,"date":"2025-10-18T00:18:08","date_gmt":"2025-10-18T00:18:08","guid":{"rendered":"https:\/\/pypaprint.com\/?post_type=product&#038;p=138"},"modified":"2025-11-05T09:33:38","modified_gmt":"2025-11-05T09:33:38","slug":"tarjeta-9-x-5-cm","status":"publish","type":"product","link":"https:\/\/pypaprint.com\/tarjeta-9-x-5-cm\/","title":{"rendered":"Tarjeta 9 x 5 cm"},"content":{"rendered":"<h1 style=\"font-weight: 500;\">Tarjetas de visita plastificadas: una comunicaci\u00f3n creada para durar<\/h1>\n<h2 style=\"font-weight: 500;\">Con nuestros distintos tipos de laminado, tus tarjetas de visita har\u00e1n relucir el lado m\u00e1s brillante de tu negocio. Descubre la alta calidad de nuestras impresiones y explora la posibilidad que te ofrecemos de personalizar todos los productos que desees. Ahorra tiempo y dinero sin descuidar la imagen que das a tus clientes.<\/h2>\n<h2 style=\"font-weight: 500;\"><\/h2>\n<h2 style=\"font-weight: 500;\">Diversos formatos para tus Tarjetas de visita plastificadas<\/h2>\n<p>&nbsp;<\/p>\n<p>Te proponemos 4 formatos para tus Tarjetas de visita plastificadas:\u00a0tres formatos rectangulares, 8,5 \u00d7 5,5 cm, 9 \u00d7 5 cm, 8,5 \u00d7 5 cm,\u00a0y uno cuadrado, 5,5 \u00d7 5,5 cm. El tama\u00f1o 8,5 \u00d7 5,5 cm de tarjetas laminadas es el m\u00e1s usual y, por lo tanto, el que ofrecemos al mejor precio. Elige la\u00a0orientaci\u00f3n\u00a0de tus textos en tus tarjetas de presentaci\u00f3n plastificadas:\u00a0horizontal o vertical. Y, si lo deseas, apl\u00edcales\u00a0esquinas redondeadas\u00a0a tus Tarjetas de visita plastificadas.<\/p>\n<h2 style=\"font-weight: 500;\">Tarjetas de visita plastificadas de varios materiales<\/h2>\n<p>Nuestras\u00a0Tarjetas de visita plastificadas\u00a0se pueden realizar con diversos papeles de 350 g.<\/p>\n<ul>\n<li>Papel plastificado mate: papel estucado mate blanco, sin madera, resalta la calidad de las im\u00e1genes fotogr\u00e1ficas, destacando los detalles y la nitidez de los textos.<\/li>\n<li>Papel plastificado brillante: sin madera, superbrillante y resistente al paso del tiempo. El elevado brillo de este acabado permite obtener impresiones, en tus tarjetas laminadas, con colores vivos y realistas y una definici\u00f3n excelente de la escala de grises.<\/li>\n<li>Papel plastificado Soft Touch: con efecto aterciopelado al tacto. Sin madera y resistente al paso del tiempo, realza los colores originales ofreciendo excelentes resultados.<\/li>\n<\/ul>\n<p>Estos papeles se pueden\u00a0aplicar solo en el anverso o en el anverso y el reverso\u00a0de tus\u00a0tarjetas de presentaci\u00f3n plastificadas.<\/p>\n<h2 style=\"font-weight: 500;\">Diversos plastificados para tus tarjetas laminadas<\/h2>\n<p>De acuerdo con el papel que hayas elegido para tus\u00a0Tarjetas de visita plastificadas, podr\u00e1s aplicar un plastificado, si eliges papel plastificado mate, el plastificado ser\u00e1 igualmente\u00a0mate, es decir, sin brillo, si eliges el papel plastificado brillante, el plastificado ser\u00e1 con\u00a0brillo\u00a0y, si eliges el papel plastificado Soft Touch, el plastificado tendr\u00e1 un elegante y exclusivo\u00a0acabado aterciopelado.<\/p>\n<h2 style=\"font-weight: 500;\">Encarga tus Tarjetas de visita plastificadas en un instante<\/h2>\n<p>Configura tus\u00a0tarjetas de presentaci\u00f3n plastificadas\u00a0a tu gusto, solicita\u00a0presupuesto gratis\u00a0y, una vez aceptado, carga tu archivo de impresi\u00f3n siguiendo las instrucciones y utilizando la\u00a0plantilla\u00a0que te proporcionamos. Recibir\u00e1s tus Tarjetas de visita plastificadas exactamente en la direcci\u00f3n y fechas indicadas, ya que colaboramos con\u00a0las mejores empresas de mensajer\u00eda. Y, si tienes alguna duda con respecto a tus tarjetas laminadas, \u00a1nuestro\u00a0Servicio de Atenci\u00f3n al Cliente\u00a0est\u00e1 aqu\u00ed para resolverla!<\/p>\n<p>Elige entre los diferentes tipos de plastificado para que tus Tarjetas de visita est\u00e9n siempre como nuevas, llenas de brillo y con un toque distintivo.<\/p>\n","protected":false},"excerpt":{"rendered":"<p>Tarjetas de visita plastificadas: una comunicaci\u00f3n creada para durar Con nuestros distintos tipos de laminado, tus tarjetas de visita har\u00e1n relucir el lado m\u00e1s brillante de tu negocio. Descubre la alta calidad de nuestras impresiones y explora la posibilidad que te ofrecemos de personalizar todos los productos que desees. Ahorra tiempo y dinero sin descuidar &#8230; <a title=\"Tarjeta 9 x 5 cm\" class=\"read-more\" href=\"https:\/\/pypaprint.com\/tarjeta-9-x-5-cm\/\" aria-label=\"Leer m\u00e1s sobre Tarjeta 9 x 5 cm\">Leer m\u00e1s<\/a><\/p>\n","protected":false},"featured_media":212,"comment_status":"open","ping_status":"closed","template":"","meta":{"_acf_changed":false,"_joinchat":[]},"product_brand":[],"product_cat":[43,44],"product_tag":[],"class_list":{"0":"post-138","1":"product","2":"type-product","3":"status-publish","4":"has-post-thumbnail","6":"product_cat-material-de-oficina","7":"product_cat-tarjetas-de-visita","9":"first","10":"instock","11":"taxable","12":"shipping-taxable","13":"purchasable","14":"product-type-variable","15":"has-default-attributes"},"acf":[],"_links":{"self":[{"href":"https:\/\/pypaprint.com\/wp-json\/wp\/v2\/product\/138","targetHints":{"allow":["GET"]}}],"collection":[{"href":"https:\/\/pypaprint.com\/wp-json\/wp\/v2\/product"}],"about":[{"href":"https:\/\/pypaprint.com\/wp-json\/wp\/v2\/types\/product"}],"replies":[{"embeddable":true,"href":"https:\/\/pypaprint.com\/wp-json\/wp\/v2\/comments?post=138"}],"wp:featuredmedia":[{"embeddable":true,"href":"https:\/\/pypaprint.com\/wp-json\/wp\/v2\/media\/212"}],"wp:attachment":[{"href":"https:\/\/pypaprint.com\/wp-json\/wp\/v2\/media?parent=138"}],"wp:term":[{"taxonomy":"product_brand","embeddable":true,"href":"https:\/\/pypaprint.com\/wp-json\/wp\/v2\/product_brand?post=138"},{"taxonomy":"product_cat","embeddable":true,"href":"https:\/\/pypaprint.com\/wp-json\/wp\/v2\/product_cat?post=138"},{"taxonomy":"product_tag","embeddable":true,"href":"https:\/\/pypaprint.com\/wp-json\/wp\/v2\/product_tag?post=138"}],"curies":[{"name":"wp","href":"https:\/\/api.w.org\/{rel}","templated":true}]}}