{"id":2117,"date":"2025-11-02T21:08:54","date_gmt":"2025-11-02T21:08:54","guid":{"rendered":"https:\/\/pypaprint.com\/?page_id=2117"},"modified":"2025-11-02T21:10:58","modified_gmt":"2025-11-02T21:10:58","slug":"blog","status":"publish","type":"page","link":"https:\/\/pypaprint.com\/?page_id=2117","title":{"rendered":"Blog"},"content":{"rendered":"\t\t<div data-elementor-type=\"wp-page\" data-elementor-id=\"2117\" class=\"elementor elementor-2117\" data-elementor-post-type=\"page\">\n\t\t\t\t<div class=\"elementor-element elementor-element-cacd928 e-flex e-con-boxed e-con e-parent\" data-id=\"cacd928\" data-element_type=\"container\">\n\t\t\t\t\t<div class=\"e-con-inner\">\n\t\t<div class=\"elementor-element elementor-element-448831e e-con-full e-flex e-con e-child\" data-id=\"448831e\" data-element_type=\"container\">\n\t\t\t\t<div class=\"elementor-element elementor-element-ad9a1dd elementor-widget elementor-widget-heading\" data-id=\"ad9a1dd\" data-element_type=\"widget\" data-widget_type=\"heading.default\">\n\t\t\t\t\t<h2 class=\"elementor-heading-title elementor-size-default\">Innovaci\u00f3n Sostenible en la Fabricaci\u00f3n de Packaging: Un Futuro Ecoamigable para el Take Away\n<\/h2>\t\t\t\t<\/div>\n\t\t\t\t<div class=\"elementor-element elementor-element-1d00b41 elementor-widget elementor-widget-text-editor\" data-id=\"1d00b41\" data-element_type=\"widget\" data-widget_type=\"text-editor.default\">\n\t\t\t\t\t\t\t\t\t<p>En la actualidad, la conciencia ambiental se ha convertido en un componente esencial en la toma de decisiones empresariales. En el mundo del packaging, esta tendencia se ha traducido en un enfoque creciente hacia la fabricaci\u00f3n de envases sostenibles utilizando materiales reciclados. En este art\u00edculo, exploraremos c\u00f3mo la industria del packaging est\u00e1 abrazando esta revoluci\u00f3n ecoamigable y c\u00f3mo afecta a sectores espec\u00edficos como las Dark Kitchens y el Take Away.<\/p>\t\t\t\t\t\t\t\t<\/div>\n\t\t\t\t<\/div>\n\t\t<div class=\"elementor-element elementor-element-52e2ebb e-con-full e-flex e-con e-child\" data-id=\"52e2ebb\" data-element_type=\"container\">\n\t\t\t\t<div class=\"elementor-element elementor-element-cf07f7d elementor-widget elementor-widget-image\" data-id=\"cf07f7d\" data-element_type=\"widget\" data-widget_type=\"image.default\">\n\t\t\t\t\t\t\t\t\t\t\t\t\t\t\t<img fetchpriority=\"high\" decoding=\"async\" width=\"792\" height=\"446\" src=\"https:\/\/pypaprint.com\/wp-content\/uploads\/2025\/11\/descarga-1.png\" class=\"attachment-large size-large wp-image-2119\" alt=\"\" srcset=\"https:\/\/pypaprint.com\/wp-content\/uploads\/2025\/11\/descarga-1.png 792w, https:\/\/pypaprint.com\/wp-content\/uploads\/2025\/11\/descarga-1-300x169.png 300w, https:\/\/pypaprint.com\/wp-content\/uploads\/2025\/11\/descarga-1-768x432.png 768w, https:\/\/pypaprint.com\/wp-content\/uploads\/2025\/11\/descarga-1-600x338.png 600w\" sizes=\"(max-width: 792px) 100vw, 792px\" \/>\t\t\t\t\t\t\t\t\t\t\t\t\t\t\t<\/div>\n\t\t\t\t<\/div>\n\t\t\t\t\t<\/div>\n\t\t\t\t<\/div>\n\t\t\t\t<\/div>\n\t\t","protected":false},"excerpt":{"rendered":"<p>Innovaci\u00f3n Sostenible en la Fabricaci\u00f3n de Packaging: Un Futuro Ecoamigable para el Take Away En la actualidad, la conciencia ambiental se ha convertido en un componente esencial en la toma de decisiones empresariales. En el mundo del packaging, esta tendencia se ha traducido en un enfoque creciente hacia la fabricaci\u00f3n de envases sostenibles utilizando materiales &#8230; <a title=\"Blog\" class=\"read-more\" href=\"https:\/\/pypaprint.com\/?page_id=2117\" aria-label=\"Leer m\u00e1s sobre Blog\">Leer m\u00e1s<\/a><\/p>\n","protected":false},"author":1,"featured_media":0,"parent":0,"menu_order":0,"comment_status":"closed","ping_status":"closed","template":"elementor_header_footer","meta":{"_acf_changed":false,"_joinchat":[],"footnotes":""},"class_list":["post-2117","page","type-page","status-publish"],"acf":[],"_links":{"self":[{"href":"https:\/\/pypaprint.com\/index.php?rest_route=\/wp\/v2\/pages\/2117","targetHints":{"allow":["GET"]}}],"collection":[{"href":"https:\/\/pypaprint.com\/index.php?rest_route=\/wp\/v2\/pages"}],"about":[{"href":"https:\/\/pypaprint.com\/index.php?rest_route=\/wp\/v2\/types\/page"}],"author":[{"embeddable":true,"href":"https:\/\/pypaprint.com\/index.php?rest_route=\/wp\/v2\/users\/1"}],"replies":[{"embeddable":true,"href":"https:\/\/pypaprint.com\/index.php?rest_route=%2Fwp%2Fv2%2Fcomments&post=2117"}],"version-history":[{"count":4,"href":"https:\/\/pypaprint.com\/index.php?rest_route=\/wp\/v2\/pages\/2117\/revisions"}],"predecessor-version":[{"id":2122,"href":"https:\/\/pypaprint.com\/index.php?rest_route=\/wp\/v2\/pages\/2117\/revisions\/2122"}],"wp:attachment":[{"href":"https:\/\/pypaprint.com\/index.php?rest_route=%2Fwp%2Fv2%2Fmedia&parent=2117"}],"curies":[{"name":"wp","href":"https:\/\/api.w.org\/{rel}","templated":true}]}}