{"id":1902,"date":"2025-10-30T06:14:14","date_gmt":"2025-10-30T06:14:14","guid":{"rendered":"https:\/\/pypaprint.com\/?page_id=1902"},"modified":"2025-10-30T06:21:35","modified_gmt":"2025-10-30T06:21:35","slug":"temas","status":"publish","type":"page","link":"https:\/\/pypaprint.com\/?page_id=1902","title":{"rendered":"Temas"},"content":{"rendered":"\t\t<div data-elementor-type=\"wp-page\" data-elementor-id=\"1902\" class=\"elementor elementor-1902\" data-elementor-post-type=\"page\">\n\t\t\t\t<div class=\"elementor-element elementor-element-4d7c081 e-flex e-con-boxed e-con e-parent\" data-id=\"4d7c081\" data-element_type=\"container\">\n\t\t\t\t\t<div class=\"e-con-inner\">\n\t\t<div class=\"elementor-element elementor-element-c714eff e-con-full e-flex e-con e-child\" data-id=\"c714eff\" data-element_type=\"container\">\n\t\t\t\t<div class=\"elementor-element elementor-element-1f6a0b2 elementor-position-top elementor-widget elementor-widget-image-box\" data-id=\"1f6a0b2\" data-element_type=\"widget\" data-widget_type=\"image-box.default\">\n\t\t\t\t\t<div class=\"elementor-image-box-wrapper\"><figure class=\"elementor-image-box-img\"><img fetchpriority=\"high\" decoding=\"async\" width=\"400\" height=\"400\" src=\"https:\/\/pypaprint.com\/wp-content\/uploads\/2025\/10\/457fbbc7a8-HOSTELERIA.png\" class=\"attachment-full size-full wp-image-262\" alt=\"\" srcset=\"https:\/\/pypaprint.com\/wp-content\/uploads\/2025\/10\/457fbbc7a8-HOSTELERIA.png 400w, https:\/\/pypaprint.com\/wp-content\/uploads\/2025\/10\/457fbbc7a8-HOSTELERIA-300x300.png 300w, https:\/\/pypaprint.com\/wp-content\/uploads\/2025\/10\/457fbbc7a8-HOSTELERIA-150x150.png 150w, https:\/\/pypaprint.com\/wp-content\/uploads\/2025\/10\/457fbbc7a8-HOSTELERIA-100x100.png 100w\" sizes=\"(max-width: 400px) 100vw, 400px\" \/><\/figure><div class=\"elementor-image-box-content\"><h3 class=\"elementor-image-box-title\">Hosteler\u00eda<\/h3><p class=\"elementor-image-box-description\">\u00a1Haz que tu marca destaque con nosotros! Descubre c\u00f3mo Pypa Print puede llevar la excelencia en impresi\u00f3n a tu negocio de hosteler\u00eda. Conoce nuestra gama de productos exclusivos y sum\u00e9rgete en la magia de la impresi\u00f3n. Con calidad inigualable y tarifas irresistibles, estamos listos para dar vida a tus ideas y hacer que tu marca destaque.\n\n\u00a1Conf\u00eda en Pypa Print para imprimir con distinci\u00f3n!<\/p><\/div><\/div>\t\t\t\t<\/div>\n\t\t\t\t<\/div>\n\t\t<div class=\"elementor-element elementor-element-a70c0ba e-con-full e-flex e-con e-child\" data-id=\"a70c0ba\" data-element_type=\"container\">\n\t\t\t\t<div class=\"elementor-element elementor-element-9c9e62f elementor-position-top elementor-widget elementor-widget-image-box\" data-id=\"9c9e62f\" data-element_type=\"widget\" data-widget_type=\"image-box.default\">\n\t\t\t\t\t<div class=\"elementor-image-box-wrapper\"><figure class=\"elementor-image-box-img\"><img decoding=\"async\" width=\"400\" height=\"400\" src=\"https:\/\/pypaprint.com\/wp-content\/uploads\/2025\/10\/6e64e8f3d0-INMOBILIARIA.png\" class=\"attachment-full size-full wp-image-204\" alt=\"\" srcset=\"https:\/\/pypaprint.com\/wp-content\/uploads\/2025\/10\/6e64e8f3d0-INMOBILIARIA.png 400w, https:\/\/pypaprint.com\/wp-content\/uploads\/2025\/10\/6e64e8f3d0-INMOBILIARIA-300x300.png 300w, https:\/\/pypaprint.com\/wp-content\/uploads\/2025\/10\/6e64e8f3d0-INMOBILIARIA-150x150.png 150w, https:\/\/pypaprint.com\/wp-content\/uploads\/2025\/10\/6e64e8f3d0-INMOBILIARIA-100x100.png 100w\" sizes=\"(max-width: 400px) 100vw, 400px\" \/><\/figure><div class=\"elementor-image-box-content\"><h3 class=\"elementor-image-box-title\">Hosteler\u00eda<\/h3><p class=\"elementor-image-box-description\">Descubre nuestra incre\u00edble gama de productos, donde la innovaci\u00f3n y la creatividad se unen para hacer de tu lugar de trabajo un lugar \u00fanico e inigualable. Dale vida a tus ideas con Pypa Print y haz que tu empresa destaque con nosotros. Explora opciones de la m\u00e1s alta calidad y con precios competitivos. \n\n\u00a1Haz que tu marca destaque con nosotros!<\/p><\/div><\/div>\t\t\t\t<\/div>\n\t\t\t\t<\/div>\n\t\t<div class=\"elementor-element elementor-element-d5b39ba e-con-full e-flex e-con e-child\" data-id=\"d5b39ba\" data-element_type=\"container\">\n\t\t\t\t<div class=\"elementor-element elementor-element-b239eaa elementor-position-top elementor-widget elementor-widget-image-box\" data-id=\"b239eaa\" data-element_type=\"widget\" data-widget_type=\"image-box.default\">\n\t\t\t\t\t<div class=\"elementor-image-box-wrapper\"><figure class=\"elementor-image-box-img\"><img decoding=\"async\" width=\"400\" height=\"400\" src=\"https:\/\/pypaprint.com\/wp-content\/uploads\/2025\/10\/FABRICA.png\" class=\"attachment-full size-full wp-image-1904\" alt=\"\" srcset=\"https:\/\/pypaprint.com\/wp-content\/uploads\/2025\/10\/FABRICA.png 400w, https:\/\/pypaprint.com\/wp-content\/uploads\/2025\/10\/FABRICA-300x300.png 300w, https:\/\/pypaprint.com\/wp-content\/uploads\/2025\/10\/FABRICA-150x150.png 150w, https:\/\/pypaprint.com\/wp-content\/uploads\/2025\/10\/FABRICA-100x100.png 100w\" sizes=\"(max-width: 400px) 100vw, 400px\" \/><\/figure><div class=\"elementor-image-box-content\"><h3 class=\"elementor-image-box-title\">F\u00e1bricas<\/h3><p class=\"elementor-image-box-description\">Que  la esencia de tu marca se transmita al entrar a tu empresa con todos los productos que Pypa Print ofrece para ti. Desde papeler\u00eda hasta vinilos y etiquetas de alta calidad, con Pypa Print podr\u00e1s personalizar toda clase de productos impresos que le den un estilo propio a tu entorno laboral. Descubre las opciones que ofrecemos y dest\u00e1cate con nuestros dise\u00f1os profesionales.\n <\/p><\/div><\/div>\t\t\t\t<\/div>\n\t\t\t\t<\/div>\n\t\t\t\t\t<\/div>\n\t\t\t\t<\/div>\n\t\t<div class=\"elementor-element elementor-element-493d193 e-flex e-con-boxed e-con e-parent\" data-id=\"493d193\" data-element_type=\"container\">\n\t\t\t\t\t<div class=\"e-con-inner\">\n\t\t<div class=\"elementor-element elementor-element-1ef0fd1 e-con-full e-flex e-con e-child\" data-id=\"1ef0fd1\" data-element_type=\"container\">\n\t\t\t\t<div class=\"elementor-element elementor-element-6fb1167 elementor-position-top elementor-widget elementor-widget-image-box\" data-id=\"6fb1167\" data-element_type=\"widget\" data-widget_type=\"image-box.default\">\n\t\t\t\t\t<div class=\"elementor-image-box-wrapper\"><figure class=\"elementor-image-box-img\"><img loading=\"lazy\" decoding=\"async\" width=\"400\" height=\"400\" src=\"https:\/\/pypaprint.com\/wp-content\/uploads\/2025\/10\/79db61e78c-FERIAS.png\" class=\"attachment-full size-full wp-image-248\" alt=\"\" srcset=\"https:\/\/pypaprint.com\/wp-content\/uploads\/2025\/10\/79db61e78c-FERIAS.png 400w, https:\/\/pypaprint.com\/wp-content\/uploads\/2025\/10\/79db61e78c-FERIAS-300x300.png 300w, https:\/\/pypaprint.com\/wp-content\/uploads\/2025\/10\/79db61e78c-FERIAS-150x150.png 150w, https:\/\/pypaprint.com\/wp-content\/uploads\/2025\/10\/79db61e78c-FERIAS-100x100.png 100w\" sizes=\"(max-width: 400px) 100vw, 400px\" \/><\/figure><div class=\"elementor-image-box-content\"><h3 class=\"elementor-image-box-title\">Ferias<\/h3><p class=\"elementor-image-box-description\">Da una imagen impactante en ferias y eventos con los productos impresos de Pypa Print. Hazte sentir y destaca de la competencia con todo tipo de productos para stands: desde vinilos hasta tote bags, destacamos por la calidad excepcional de nuestros productos personalizados. Descubre las opciones de dise\u00f1os que atraer\u00e1n a todos los asistentes.<\/p><\/div><\/div>\t\t\t\t<\/div>\n\t\t\t\t<\/div>\n\t\t<div class=\"elementor-element elementor-element-e851d53 e-con-full e-flex e-con e-child\" data-id=\"e851d53\" data-element_type=\"container\">\n\t\t\t\t<div class=\"elementor-element elementor-element-2bba075 elementor-position-top elementor-widget elementor-widget-image-box\" data-id=\"2bba075\" data-element_type=\"widget\" data-widget_type=\"image-box.default\">\n\t\t\t\t\t<div class=\"elementor-image-box-wrapper\"><figure class=\"elementor-image-box-img\"><img loading=\"lazy\" decoding=\"async\" width=\"400\" height=\"400\" src=\"https:\/\/pypaprint.com\/wp-content\/uploads\/2025\/10\/COPISTERIA.png\" class=\"attachment-full size-full wp-image-1905\" alt=\"\" srcset=\"https:\/\/pypaprint.com\/wp-content\/uploads\/2025\/10\/COPISTERIA.png 400w, https:\/\/pypaprint.com\/wp-content\/uploads\/2025\/10\/COPISTERIA-300x300.png 300w, https:\/\/pypaprint.com\/wp-content\/uploads\/2025\/10\/COPISTERIA-150x150.png 150w, https:\/\/pypaprint.com\/wp-content\/uploads\/2025\/10\/COPISTERIA-100x100.png 100w\" sizes=\"(max-width: 400px) 100vw, 400px\" \/><\/figure><div class=\"elementor-image-box-content\"><h3 class=\"elementor-image-box-title\">Copister\u00edas y Revendedores<\/h3><p class=\"elementor-image-box-description\">Impulsa tu negocio de copister\u00eda con todas las opciones de impresi\u00f3n que te ofrece Pypa Print: papeler\u00eda, carteler\u00eda, etiquetas, vinilos, rotulaci\u00f3n... Personaliza tus productos y dest\u00e1cate con dise\u00f1os \u00fanicos que van m\u00e1s all\u00e1 de lo convencional. Descubre c\u00f3mo Pypa Print puede potenciar tu negocio, mejorar tu oferta y atraer m\u00e1s clientes. Haz clic para explorar nuestras soluciones de impresi\u00f3n de alt\u00edsima calidad. <\/p><\/div><\/div>\t\t\t\t<\/div>\n\t\t\t\t<\/div>\n\t\t<div class=\"elementor-element elementor-element-5393972 e-con-full e-flex e-con e-child\" data-id=\"5393972\" data-element_type=\"container\">\n\t\t\t\t<div class=\"elementor-element elementor-element-8a5be3e elementor-position-top elementor-widget elementor-widget-image-box\" data-id=\"8a5be3e\" data-element_type=\"widget\" data-widget_type=\"image-box.default\">\n\t\t\t\t\t<div class=\"elementor-image-box-wrapper\"><figure class=\"elementor-image-box-img\"><img loading=\"lazy\" decoding=\"async\" width=\"400\" height=\"400\" src=\"https:\/\/pypaprint.com\/wp-content\/uploads\/2025\/10\/OFICINA.png\" class=\"attachment-full size-full wp-image-1906\" alt=\"\" srcset=\"https:\/\/pypaprint.com\/wp-content\/uploads\/2025\/10\/OFICINA.png 400w, https:\/\/pypaprint.com\/wp-content\/uploads\/2025\/10\/OFICINA-300x300.png 300w, https:\/\/pypaprint.com\/wp-content\/uploads\/2025\/10\/OFICINA-150x150.png 150w, https:\/\/pypaprint.com\/wp-content\/uploads\/2025\/10\/OFICINA-100x100.png 100w\" sizes=\"(max-width: 400px) 100vw, 400px\" \/><\/figure><div class=\"elementor-image-box-content\"><h3 class=\"elementor-image-box-title\">Oficinas<\/h3><p class=\"elementor-image-box-description\">Impulsa la imagen corporativa de tu espacio de trabajo con la amplia gama de nuestros servicios de impresi\u00f3n. Desde papeler\u00eda y vinilos hasta etiquetas y tazas, en Pypa Print podr\u00e1s encontrar todo tipo de productos impresos de la mejor calidad. Transforma tu entorno y dest\u00e1cate con dise\u00f1os profesionales y personalizados que reflejan la esencia \u00fanica de tu empresa. Explora todas tus opciones y deja que tu marca quede en la memoria de cada visitante. \n<\/p><\/div><\/div>\t\t\t\t<\/div>\n\t\t\t\t<\/div>\n\t\t\t\t\t<\/div>\n\t\t\t\t<\/div>\n\t\t\t\t<\/div>\n\t\t","protected":false},"excerpt":{"rendered":"<p>Hosteler\u00eda \u00a1Haz que tu marca destaque con nosotros! Descubre c\u00f3mo Pypa Print puede llevar la excelencia en impresi\u00f3n a tu negocio de hosteler\u00eda. Conoce nuestra gama de productos exclusivos y sum\u00e9rgete en la magia de la impresi\u00f3n. Con calidad inigualable y tarifas irresistibles, estamos listos para dar vida a tus ideas y hacer que tu &#8230; <a title=\"Temas\" class=\"read-more\" href=\"https:\/\/pypaprint.com\/?page_id=1902\" aria-label=\"Leer m\u00e1s sobre Temas\">Leer m\u00e1s<\/a><\/p>\n","protected":false},"author":1,"featured_media":0,"parent":0,"menu_order":0,"comment_status":"closed","ping_status":"closed","template":"","meta":{"_acf_changed":false,"_joinchat":[],"footnotes":""},"class_list":["post-1902","page","type-page","status-publish"],"acf":[],"_links":{"self":[{"href":"https:\/\/pypaprint.com\/index.php?rest_route=\/wp\/v2\/pages\/1902","targetHints":{"allow":["GET"]}}],"collection":[{"href":"https:\/\/pypaprint.com\/index.php?rest_route=\/wp\/v2\/pages"}],"about":[{"href":"https:\/\/pypaprint.com\/index.php?rest_route=\/wp\/v2\/types\/page"}],"author":[{"embeddable":true,"href":"https:\/\/pypaprint.com\/index.php?rest_route=\/wp\/v2\/users\/1"}],"replies":[{"embeddable":true,"href":"https:\/\/pypaprint.com\/index.php?rest_route=%2Fwp%2Fv2%2Fcomments&post=1902"}],"version-history":[{"count":4,"href":"https:\/\/pypaprint.com\/index.php?rest_route=\/wp\/v2\/pages\/1902\/revisions"}],"predecessor-version":[{"id":1909,"href":"https:\/\/pypaprint.com\/index.php?rest_route=\/wp\/v2\/pages\/1902\/revisions\/1909"}],"wp:attachment":[{"href":"https:\/\/pypaprint.com\/index.php?rest_route=%2Fwp%2Fv2%2Fmedia&parent=1902"}],"curies":[{"name":"wp","href":"https:\/\/api.w.org\/{rel}","templated":true}]}}