{"id":1252,"date":"2025-10-28T15:08:25","date_gmt":"2025-10-28T15:08:25","guid":{"rendered":"https:\/\/pypaprint.com\/?page_id=1252"},"modified":"2025-10-28T15:08:25","modified_gmt":"2025-10-28T15:08:25","slug":"condiciones-de-compra-2","status":"publish","type":"page","link":"https:\/\/pypaprint.com\/condiciones-de-compra-2\/","title":{"rendered":"Condiciones de Compra"},"content":{"rendered":"\n<p><strong>T\u00e9rminos y condiciones de la compra<\/strong><\/p>\n\n\n\n<p><strong>Pypa Print S.L.<\/strong>&nbsp;<strong>Calle Sant Antoni Maria Claret, 132 Local B, 08025, Barcelona<\/strong>&nbsp;<strong>NIF B666732561<\/strong><\/p>\n\n\n\n<p>Las relaciones entre la empresa Pypa Print SL ( \u201cLa Empresa\u201d en este documento) y sus clientes (\u201cEl Cliente\u201d en este documento) son regidas por las condiciones generales de venta tal como est\u00e1n definidas en este escrito, as\u00ed como por los \u201cUsos de comercio en la industria gr\u00e1fica espa\u00f1ola, y sus afines, los de manipulados del papel y del cart\u00f3n\u201d establecidos por la Federaci\u00f3n Empresarial de Industrias Gr\u00e1ficas de Espa\u00f1a. Est\u00e1n dirigidas a los profesionales de las Artes Gr\u00e1ficas y se aplican al conjunto de ventas y prestaciones realizadas mediante nuestra p\u00e1gina web&nbsp;www.pypaprint.com, as\u00ed como aquellas recibidas por otros medios (fax, correo electr\u00f3nico, correo, tel\u00e9fono\u2026).<\/p>\n\n\n\n<ol class=\"wp-block-list\">\n<li><strong>PEDIDOS<\/strong><\/li>\n<\/ol>\n\n\n\n<p>Todo pedido supone la aceptaci\u00f3n expresa y sin reservas por parte del Cliente de las presentes condiciones generales de venta y conlleva la renuncia a toda aplicaci\u00f3n de sus eventuales Condiciones Generales de Compra.<\/p>\n\n\n\n<p>Los pedidos son cursados mediante nuestra p\u00e1gina web&nbsp;&nbsp;<a href=\"http:\/\/www.exapass.es\/\" target=\"_blank\" rel=\"noopener\">www.pypaprint.com<\/a><\/p>\n\n\n\n<p>Le enviaremos un correo electr\u00f3nico de confirmaci\u00f3n de recepci\u00f3n de pedido. Los pedidos son validados hasta las 14:00 h los d\u00edas laborables; pasada esta hora ser\u00e1n registrados el siguiente d\u00eda h\u00e1bil.<\/p>\n\n\n\n<p>La Empresa se esfuerza por mantener el acceso a la p\u00e1gina web las 24 horas; de todas formas, no se le podr\u00e1 hacer responsable en caso de interrupci\u00f3n del servicio, sobretodo por razones de mantenimiento o de problemas t\u00e9cnicos. El Cliente declara conocer los l\u00edmites t\u00e9cnicos relacionados con las tecnolog\u00edas de Internet, especialmente la parte concerniente a la consulta de informaciones, el env\u00edo de archivos y los riesgos particulares de esta tecnolog\u00eda.<\/p>\n\n\n\n<p>Toda anulaci\u00f3n de pedido no ser\u00e1 posible sin la aceptaci\u00f3n de la Empresa, y ser\u00e1 confirmada por escrito en este caso mediante un correo electr\u00f3nico o aparecer\u00e1 en la pesta\u00f1a \u201cseguimiento\u201d de nuestra plataforma&nbsp;<a href=\"http:\/\/www.exapass.es\/\" target=\"_blank\" rel=\"noopener\">www.pypaprint.com<\/a>. Una vez pasado el control de archivos, la anulaci\u00f3n tendr\u00e1 un coste que variar\u00e1 seg\u00fan el importe del pedido y este se indicar\u00e1 justo al realizar dicha acci\u00f3n.<\/p>\n\n\n\n<p>La Empresa se reserva el derecho a anular totalmente el pedido en caso de violencias verbales o f\u00edsicas hacia los empleados, los subcontratistas, los dirigentes o el cliente de la empresa, el empleo de lenguaje crudo, es considerado como el que forma parte de violencias verbales.<\/p>\n\n\n\n<ol start=\"2\" class=\"wp-block-list\">\n<li><strong>PRECIO<\/strong><\/li>\n<\/ol>\n\n\n\n<p>Los precios de venta marcados en la p\u00e1gina web de la empresa son v\u00e1lidos hasta nueva aparici\u00f3n, anulando las condiciones precedentes. Los precios pueden ser modificados sin previo aviso. En ese momento los vigentes son los publicados en&nbsp;www.pypaprint.com.<\/p>\n\n\n\n<p>Los precios ser\u00e1n facturados sobre la base de las tarifas en vigor el d\u00eda del pedido, y son sin IVA, en euros, sin transporte incluido, en Pen\u00ednsula y Baleares.<\/p>\n\n\n\n<p>Para seg\u00fan que productos, la Empresa debe establecer un presupuesto espec\u00edfico. En este caso el precio es v\u00e1lido durante un per\u00edodo de 60 dias.<\/p>\n\n\n\n<ol start=\"3\" class=\"wp-block-list\">\n<li><strong>FORMAS DE PAGO<\/strong><\/li>\n<\/ol>\n\n\n\n<p>3.1. El pago de los pedidos se puede efectuar de 4 maneras diferentes:<\/p>\n\n\n\n<p>\u2013 Al contado con tarjeta en l\u00ednea.<\/p>\n\n\n\n<p>\u2013 Al Contado efectivo. \u2013 Por transferencia bancaria.<\/p>\n\n\n\n<p>\u2013 Al contado PAY PAL<\/p>\n\n\n\n<p>3.2. No se aceptar\u00e1 ning\u00fan descuento por pronto pago.<\/p>\n\n\n\n<p>3.3. En el caso de pago por transferencia, s\u00f3lo se comenzar\u00e1 la fabricaci\u00f3n tras la recepci\u00f3n de los mismos. De la misma manera, en caso de pago por recibo al cobro, s\u00f3lo se lanzar\u00e1 la producci\u00f3n tras la recepci\u00f3n del acuerdo de nuestra aseguradora de cr\u00e9dito.<\/p>\n\n\n\n<p>3.4. Seg\u00fan la legislaci\u00f3n europea, cada deudor recibir\u00e1 una notificaci\u00f3n por e-mail 5 d\u00edas laborables antes de la fecha de presentaci\u00f3n de la deducci\u00f3n Sepa. Esta notificaci\u00f3n mencionar\u00e1 el importe previsto, el ICS del acreedor y el RUM del cliente.<\/p>\n\n\n\n<p>3.5. En caso de impagado, Pypa Print le advierte que ser\u00e1 facturado un valor equivalente a 3 veces la tasa bancaria. Este valor corresponde a los conceptos de gesti\u00f3n de la devoluci\u00f3n y los gastos bancarios.<\/p>\n\n\n\n<ol start=\"4\" class=\"wp-block-list\">\n<li><strong>FACTURACI\u00d3N<\/strong><\/li>\n<\/ol>\n\n\n\n<p>4.1. La Factura le ser\u00e1 enviada por correo electr\u00f3nico una vez se haya realizado el envio del pedido.<\/p>\n\n\n\n<p>4.2. Pypa Print SL no emite facturas con recargo de equivalencia.<\/p>\n\n\n\n<ol start=\"5\" class=\"wp-block-list\">\n<li><strong>PLAZOS DE ENTREGA<\/strong><\/li>\n<\/ol>\n\n\n\n<p>5.1. Nuestros plazos son expresados en d\u00edas laborables.<\/p>\n\n\n\n<p>5.2. La entrega se efectuar\u00e1 en la direcci\u00f3n indicada por el cliente y confirmada en la aceptaci\u00f3n del pedido, y ser\u00e1 considerada como efectuada en el momento en el que el pedido llegue a esa direcci\u00f3n.<\/p>\n\n\n\n<p>5.3. Se dan los plazos de entrega a t\u00edtulo informativo y sin garant\u00eda. En ning\u00fan caso un retraso de producci\u00f3n puede dar lugar a una anulaci\u00f3n, a un rechazo de la mercanc\u00eda ni a beneficiarse de da\u00f1os y prejuicios.<\/p>\n\n\n\n<p>5.4. Los plazos indicativos que aparecen en la plataforma&nbsp;www.pypaprint.com&nbsp;pueden ser revisados si los archivos del cliente deben ser actualizados, o si no fueran conformes y debieran ser enviados de nuevo a la empresa. Si su archivo es bloqueado debido a alg\u00fan fallo comercial o t\u00e9cnico, el plazo ser\u00e1 suspendido y proseguir\u00e1 despu\u00e9s de su validaci\u00f3n de confirmaci\u00f3n.<\/p>\n\n\n\n<p>5.5. La fabricaci\u00f3n s\u00f3lo podr\u00e1 ser efectuada si el cliente est\u00e1 al d\u00eda de sus obligaciones de cara al vendedor y si no existe retraso en los pagos, incluso los pagos que corresponden a otros pedidos.<\/p>\n\n\n\n<p>5.6. Las mercanc\u00edas viajan con los riesgos y los peligros inherentes al transporte. El destinatario debe verificar el buen estado del pedido en el momento de la entrega. Esta verificaci\u00f3n debe incluir calidad, cantidad y referencias de los bienes y el cumplimiento del pedido. Los plazos de transporte no est\u00e1n garantizados.<\/p>\n\n\n\n<p>5.7. Cualquier retraso, ya sea debido a la falta de entrega de ficheros por parte del Cliente, por la validaci\u00f3n de la prueba de color o por una ocurrencia de fuerza mayor, con raz\u00f3n, provocar\u00e1 la aplicaci\u00f3n de plazos suplementarios.<\/p>\n\n\n\n<ol start=\"6\" class=\"wp-block-list\">\n<li><strong>FUERZA MAYOR<\/strong><\/li>\n<\/ol>\n\n\n\n<p>En caso de fuerza mayor que retarde, impida o haga econ\u00f3micamente exorbitante la ejecuci\u00f3n de la venta, tiene como consecuencia la suspensi\u00f3n de las garant\u00edas contractuales de la Empresa Pypa Print SL<\/p>\n\n\n\n<p>Constituye un caso de fuerza mayor todo evento de cualquier naturaleza que escape razonablemente al control de una u otra de las partes como, por ejemplo, un incendio, la ruptura del aprovisionamiento de las materias primas, corte de electricidad o aver\u00eda de m\u00e1quinas haciendo imposible la ejecuci\u00f3n del trabajo confiado en los plazos convenidos, huelga o bloqueo, interrupci\u00f3n de los medios de transporte sea cual sea la causa, disposiciones legales o reglamentarias que afecten la producci\u00f3n o la entrega de los productos.<\/p>\n\n\n\n<p>Si el evento se prolonga durante m\u00e1s de 60 dias, la Empresa Pypa Print SL se reserva el derecho de cancelar el contrato sin indemnizaci\u00f3n.<\/p>\n\n\n\n<ol start=\"7\" class=\"wp-block-list\">\n<li><strong>RECLAMACIONES<\/strong><\/li>\n<\/ol>\n\n\n\n<p>7.1. Conforme al p\u00e1rrafo 5 del art\u00edculo 6 de este documento, todo deterioro de la mercanc\u00eda o del embalaje, error de cantidad, etc., constatados a la recepci\u00f3n del paquete deben ser anotados sobre el albar\u00e1n de entrega. Debe hacerse un minucioso control de la mercanc\u00eda, y estos posibles deterioros deben ser comunicados al transportista por correo certificado con copia a Pypa Print SL en un plazo m\u00e1ximo de 24 horas tras la entrega. En ning\u00fan caso, los litigios con los transportistas pueden justificar el impago de las mercanc\u00edas facturadas.<\/p>\n\n\n\n<p>7.2. Ninguna reclamaci\u00f3n relativa a la calidad de la mercanc\u00eda ser\u00e1 tenida en cuenta m\u00e1s all\u00e1 de un plazo de 7 d\u00edas laborables tras la recepci\u00f3n efectiva de la mercanc\u00eda seg\u00fan la fecha de la firma del albar\u00e1n de entrega del transportista. La reclamaci\u00f3n deber\u00e1 ser notificada por correo certificado a Pypa Print SL<\/p>\n\n\n\n<p>7.3. En caso de entrega defectuosa, nuestra empresa s\u00f3lo garantiza el intercambio de la mercanc\u00eda por un producto conforme a las exigencias del pedido, excluyendo de manera expresa de todos los da\u00f1os y perjuicios sufridos directa o indirectamente, particularmente en caso de una situaci\u00f3n de causa mayor, de causa fortuita o en caso de un hecho que haya imposibilitado a nuestra empresa la ejecuci\u00f3n de sus obligaciones.<\/p>\n\n\n\n<p>7.4. Teniendo en cuenta los usos y costumbres de la profesi\u00f3n y los l\u00edmites t\u00e9cnicos inherentes a nuestros procesos de producci\u00f3n, nuestra Empresa no est\u00e1 obligada a asegurar una entrega de la cantidad exacta prevista en el pedido. El cliente debe aceptar una tolerancia de m\u00e1s o menos 5% de las cantidades previstas.<\/p>\n\n\n\n<p>7.5. Satisfacci\u00f3n o rembolso.<\/p>\n\n\n\n<p>En caso de defecto comprobado sobre las prestaciones realizadas por Pypa Print SL, todo cliente puede acogerse a nuestro compromiso de satisfacci\u00f3n o reembolso. En este caso, la devoluci\u00f3n a su cargo de la mercanc\u00eda defectuosa deber\u00e1 enviarse a Pypa Print SL Calle Concepcion Arenal 289, local 2, 08030 Barcelona, supondr\u00e1 una reimpresi\u00f3n o la emisi\u00f3n de un abono del 100 % del precio del pedido en la cuenta del cliente. Esta oferta es accesible durante un mes a partir de la fecha de entrega de la mercanc\u00eda.<\/p>\n\n\n\n<p>7.6. La plataforma de resoluci\u00f3n de litigios en l\u00ednea de la Comisi\u00f3n Europea est\u00e1 accesible en el siguiente link:&nbsp;<a href=\"https:\/\/webgate.ec.europa.eu\/odr\/main\/index.cfm?event=main.home.show&amp;lng=ES\" target=\"_blank\" rel=\"noopener\">https:\/\/webgate.ec.europa.eu\/odr\/main\/index.cfm?event=main.home.show&amp;lng=ES<\/a><\/p>\n\n\n\n<ol start=\"8\" class=\"wp-block-list\">\n<li><strong>CL\u00c1USULA PENAL<\/strong><\/li>\n<\/ol>\n\n\n\n<p>La ausencia de pago integral a la fecha del vencimiento inicial, incluso si la Empresa ha consentido una pr\u00f3rroga, conllevar\u00e1 autom\u00e1ticamente la obligaci\u00f3n para el cliente de pagar intereses calculados seg\u00fan la tasa del Banco Central Europeo (BCE), que corresponde a la tasa ref. (4,25 el 28 de agosto del 2008) aumentada en 7 puntos, o sea, 11,25%, aplicados desde la fecha de entrega sin que sea necesario aviso previo. La Empresa estar\u00e1 habilitada para exigir, en el caso de pedidos ulteriores, el pago al contado, as\u00ed como el pago \u00edntegro de las sumas debidas.<\/p>\n\n\n\n<p>En el caso de que el cobro se haya de gestionar por v\u00eda judicial, e independientemente del derecho de la Empresa a anular el contrato con el cliente que no cumpla con todas sus obligaciones, una indemnizaci\u00f3n se sumar\u00e1 al montante de la factura: el 10% de la suma debida o los gastos reales ocasionados si son superiores al 10%, aparte de los intereses por el retraso.<\/p>\n\n\n\n<ol start=\"9\" class=\"wp-block-list\">\n<li><strong>ARCHIVOS INFORM\u00c1TICOS, PRUEBAS; LIMITES T\u00c9CNICOS<\/strong><\/li>\n<\/ol>\n\n\n\n<p>9.1. Se presume que el cliente posee los derechos de reproducci\u00f3n de los documentos, im\u00e1genes, logos, caracteres, etc. que conf\u00eda a la Empresa para que lo\/s imprima, y que benefician de las leyes sobre la propiedad intelectual. Se hace totalmente responsable al cliente de los da\u00f1os que podr\u00edan ser invocados por otras personas.<\/p>\n\n\n\n<p>9.2. Los archivos inform\u00e1ticos necesarios para fabricar el producto impreso deben ser proporcionados por el cliente. Deben ser estrictamente conformes a nuestras exigencias t\u00e9cnicas, especialmente a las prescripciones de nuestra gu\u00eda de preimpresi\u00f3n entregada con el \u201cGuia de impresion\u201d, enviado a cada cliente en el momento de la apertura de cuenta. Tambi\u00e9n est\u00e1 disponible en l\u00ednea.<\/p>\n\n\n\n<p>9.3. Est\u00e1 particularmente convenido que el cliente es un profesional de las artes gr\u00e1ficas, capaz de comprender y de aplicar las directiva del cuaderno t\u00e9cnico.<\/p>\n\n\n\n<p>9.4. Imprimimos principalmente en pliegos (quiere decir agrupados con trabajos de otros clientes), por lo que el cliente acepta sin reservas las limitaciones t\u00e9cnicas que conlleva este tipo de impresi\u00f3n:<\/p>\n\n\n\n<p>\u2013 Tolerancias de acabados de alrededor de 2mm. \u2013&nbsp; Ligeras variaciones de color. \u2013 &nbsp;En caso de re-impresi\u00f3n, incluso partiendo de archivos id\u00e9nticos, el rendido de los colores no puede ser id\u00e9ntico al 100%.<\/p>\n\n\n\n<p>Est\u00e1 igualmente convenido que no nos hacemos en absoluto responsables de los defectos de impresi\u00f3n, de colorimetr\u00eda, de caracteres, de sobre impresi\u00f3n, de texto cortado, conversi\u00f3n de im\u00e1genes, que est\u00e9n presentes en los archivos del cliente.<\/p>\n\n\n\n<p>9.5. El Cliente reconoce igualmente que est\u00e1 informado de que los programas de dise\u00f1o no garantizan jam\u00e1s una restituci\u00f3n al 100% del archivo que aparece la pantalla, y que puede conducir, con ocasi\u00f3n de tratamientos sucesivos, a resultados diferentes de una vista de pantalla o de una impresi\u00f3n en fotocopiadora conectada.<\/p>\n\n\n\n<p>9.6. Pypa Print SL se reserva el derecho de hacer algunos cambios que considere necesarios en los archivos proporcionados por el cliente y que no cumpla con la especificaci\u00f3n t\u00e9cnica (sangres, formato, conversi\u00f3n de Pantone\u00a9 a CMYK, conversi\u00f3n de RGB a CMYK, etc.). Asimismo, la Empresa se reserva el derecho de rechazar cualquier pedido en caso de que los archivos no cumplan con las especificaciones t\u00e9cnicas b\u00e1sicas.<\/p>\n\n\n\n<p>Por estas razones, &nbsp;no se considerar\u00e1 a la Empresa responsable por incumplimiento de requisitos t\u00e9cnicos.<\/p>\n\n\n\n<p>9.7. Para limitar estos riesgos, se recomienda realizar una prueba de calibraci\u00f3n (prueba de color) para asegurar la integridad del archivo que desea imprimir. Ante la falta de aplicaci\u00f3n de la prueba de color a trav\u00e9s de nuestra web&nbsp;<a href=\"http:\/\/www.exapass.es\/\" target=\"_blank\" rel=\"noopener\">www.Pypaprint.com<\/a>&nbsp;al hacer el pedido, el cliente acepta sin reservas las limitaciones t\u00e9cnicas presentadas anteriormente.<\/p>\n\n\n\n<p>La Empresa no realiza la correcci\u00f3n requerida del archivo. En este caso, el Cliente se compromete a proporcionar un nuevo archivo.<\/p>\n\n\n\n<ol start=\"10\" class=\"wp-block-list\">\n<li><strong>RESPONSABILIDAD DE LOS CLIENTES PROFESIONALES<\/strong><\/li>\n<\/ol>\n\n\n\n<p>El Cliente proporciona los archivos necesarios para la impresi\u00f3n de su pedido. El Cliente es el \u00fanico responsable de todo el contenido y la exactitud de sus archivos, por lo cual la Compa\u00f1\u00eda Pypa Print. SL no est\u00e1 sujeta a ninguna obligaci\u00f3n de control. Adem\u00e1s, el cliente es el \u00fanico responsable de obtener todas las autorizaciones necesarias administrativas y privadas, relacionadas con el funcionamiento del producto impreso. El Cliente es el \u00fanico responsable por la negligencia de los requisitos legales, incluyendo la obligaci\u00f3n de incluir la identidad del impresor. Pypa Print SL queda totalmente exenta de responsabilidad.<\/p>\n\n\n\n<ol start=\"11\" class=\"wp-block-list\">\n<li><strong>LOPD<\/strong><\/li>\n<\/ol>\n\n\n\n<p>A trav\u00e9s de los formularios y mails de contacto que se facilitan, el usuario nos hace llegar sus datos de car\u00e1cter personal&nbsp;y&nbsp;acepta de forma expresa, que los datos que nos env\u00eda son veraces y que quedan incorporados a un fichero titularidad de Pypa Print SL debidamente inscrito en el Registro de Protecci\u00f3n de Datos de la AEPD. Estos datos ser\u00e1n utilizados por Pypa Print SL para prestarle al usuario los servicios contratados y para mantenerle informado sobre promociones, descuentos, nuevos servicios o cualquier otra novedad que pueda ser de inter\u00e9s para el usuario.<\/p>\n\n\n\n<p>Pypa Print SL guardar\u00e1 los datos personales que reciba de los usuarios a trav\u00e9s de la p\u00e1gina web en total secreto, garantizando su confidencialidad, y adoptar\u00e1 las medidas t\u00e9cnicas necesarias para evitar cualquier alteraci\u00f3n, p\u00e9rdida,&nbsp;mal uso, o acceso no autorizado a estos datos. As\u00ed&nbsp; mismo, estos datos no ser\u00e1n cedidos ni se dar\u00e1 acceso a terceras personas sin autorizaci\u00f3n expresa de los&nbsp; titulares de los mismos.<\/p>\n\n\n\n<p>El usuario podr\u00e1 acceder, rectificar, cancelar, u oponerse al tratamiento de sus datos en cualquier momento ejercitando sus derechos ante el responsable del fichero: Pypa Print SL \/ Calle sant Antoni maria claret, 132, local B, 08025, Barcelona.<\/p>\n\n\n\n<ol start=\"13\" class=\"wp-block-list\">\n<li><strong>CL\u00c1USULA DE JURISDICCI\u00d3N<\/strong><\/li>\n<\/ol>\n\n\n\n<p>En caso de litigio, sea sobre la realizaci\u00f3n de trabajos o sobre las condiciones presentes y generales de venta, solo el tribunal de comercio de Espa\u00f1a ser\u00e1 competente, hasta en caso de pluralidad de demandados o de llamada en intervenci\u00f3n forzada.<\/p>\n","protected":false},"excerpt":{"rendered":"<p>T\u00e9rminos y condiciones de la compra Pypa Print S.L.&nbsp;Calle Sant Antoni Maria Claret, 132 Local B, 08025, Barcelona&nbsp;NIF B666732561 Las relaciones entre la empresa Pypa Print SL ( \u201cLa Empresa\u201d en este documento) y sus clientes (\u201cEl Cliente\u201d en este documento) son regidas por las condiciones generales de venta tal como est\u00e1n definidas en este &#8230; <a title=\"Condiciones de Compra\" class=\"read-more\" href=\"https:\/\/pypaprint.com\/condiciones-de-compra-2\/\" aria-label=\"Leer m\u00e1s sobre Condiciones de Compra\">Leer m\u00e1s<\/a><\/p>\n","protected":false},"author":1,"featured_media":0,"parent":0,"menu_order":0,"comment_status":"closed","ping_status":"closed","template":"","meta":{"_acf_changed":false,"_joinchat":[],"footnotes":""},"class_list":["post-1252","page","type-page","status-publish"],"acf":[],"_links":{"self":[{"href":"https:\/\/pypaprint.com\/wp-json\/wp\/v2\/pages\/1252","targetHints":{"allow":["GET"]}}],"collection":[{"href":"https:\/\/pypaprint.com\/wp-json\/wp\/v2\/pages"}],"about":[{"href":"https:\/\/pypaprint.com\/wp-json\/wp\/v2\/types\/page"}],"author":[{"embeddable":true,"href":"https:\/\/pypaprint.com\/wp-json\/wp\/v2\/users\/1"}],"replies":[{"embeddable":true,"href":"https:\/\/pypaprint.com\/wp-json\/wp\/v2\/comments?post=1252"}],"version-history":[{"count":1,"href":"https:\/\/pypaprint.com\/wp-json\/wp\/v2\/pages\/1252\/revisions"}],"predecessor-version":[{"id":1253,"href":"https:\/\/pypaprint.com\/wp-json\/wp\/v2\/pages\/1252\/revisions\/1253"}],"wp:attachment":[{"href":"https:\/\/pypaprint.com\/wp-json\/wp\/v2\/media?parent=1252"}],"curies":[{"name":"wp","href":"https:\/\/api.w.org\/{rel}","templated":true}]}}